ided by z(-13)?
8
Let o(q) = -q**2 + 72*q - 856. What is the remainder when o(29) is divided by 96?
7
Let t = -13 + 10. What is the remainder when 89 is divided by t - 0 - (-27 + 1)?
20
Let h(o) = 2*o**2 + 5*o - 22. Let v be h(6). Let j = v - 72. Calculate the remainder when j is divided by 5.
3
Calculate the remainder when 1/(2 + (-847)/427) is divided by 28.
5
Let q = 84 - 81. Let i(x) = -x**3 + 6*x**2 + x - 1. Let j be i(4). Suppose b + 4*b - j = 0. What is the remainder when b is divided by q?
1
Suppose 7*g + 684 - 866 = 0. Calculate the remainder when g is divided by 5/(-4)*60/(-5).
11
Suppose -5*a = j - 25, 0 = a - 2*j + 4*j + 4. Let w = -3 + a. Let f = 0 + w. Calculate the remainder when 8 is divided by f.
2
Let f(s) = -2*s**2 - 24*s + 5. What is the remainder when f(-5) is divided by 5?
0
Let s(y) = y**3 + 20*y**2 + 2*y + 68. Let j = 320 + -211. Calculate the remainder when j is divided by s(-20).
25
Let c(b) = 4*b + 6. What is the remainder when c(0) is divided by (10/(-6))/((-1)/3)?
1
Suppose 4*z - 16 = 0, k = 3*k - 3*z - 26. What is the remainder when 187 is divided by k?
16
Suppose -5*p = 15, -2*j + 5*p + 75 = -34. Suppose 5*x - 30 - 40 = -5*b, 3*x = 3*b - 54. What is the remainder when j is divided by b?
15
Suppose -2*b + 6*w = 2*w - 82, 3*b = -3*w + 87. Calculate the remainder when 65 is divided by b.
32
Suppose n = 87 + 81. Calculate the remainder when n is divided by 74.
20
Let q(y) = y**2 - 13*y - 30. Let d be q(15). Suppose -5*o - 7 + 152 = d. What is the remainder when 230 is divided by o?
27
Let t = 180 + -80. Suppose 2*u - 32 = 4*d, -5*d + 155 = 4*u + u. Calculate the remainder when t is divided by u.
22
Calculate the remainder when 84 is divided by (-312)/(-40) + 1/5.
4
Suppose 31 = 5*g - 3*v, -2*g - 3*v - 5 = -30. Suppose 6*c - g*c = -90. What is the remainder when c is divided by 24?
21
Let n(s) = s**3 - 6*s**2 - 2*s + 8. Calculate the remainder when 1*167 + (-11 - -4 - -10) is divided by n(7).
41
Let r = 1741 + -1716. Calculate the remainder when 569 is divided by r.
19
Suppose 0 = -129*d + 4322 + 2773. Suppose -26 = -3*c - 5*m, -4*c = 6*m - 2*m - 32. Calculate the remainder when d is divided by c.
6
Suppose 2*d = 3*m - 41, -37 = -3*m - 12*d + 13*d. Calculate the remainder when m is divided by 0/(-2) + 1 + 5.
5
Let t = -251 + 356. Let j(b) = 64*b**3 + 2*b + 1. Let h be j(-1). Let x = h + t. What is the remainder when x is divided by 21?
19
Let a be (26/(-65))/(1/(-10)). Suppose -118 = -4*z - 2*s, a*s + 62 = 2*z + 2*s. What is the remainder when 118 is divided by z?
28
What is the remainder when 32 is divided by 201/9 + 1 + (-16)/12?
10
Let g(l) = 4*l**2 - 10. Calculate the remainder when g(-4) is divided by 10.
4
Suppose -3*j + 2*a = -32, -8 = -j - 5*a - 3. Suppose j + 11 = h. Calculate the remainder when h is divided by 4.
1
Suppose 0 = 3*g - 4*v - 76, -7 = -g + 4*v + v. What is the remainder when (-2 - 0)*(-560)/g is divided by 12?
11
Suppose 146*n - 38*n = 80892. Calculate the remainder when n is divided by 47.
44
Let f = 35 + -30. Suppose -f*o + 8 + 47 = 0. Calculate the remainder when 51 is divided by o.
7
Suppose -3*u - 171 = -5*c - u, 4*u = -3*c + 87. What is the remainder when 81 is divided by c?
15
Let z be 688/18 + 4/(-18). Suppose -3 + z = 3*p - h, -3*p + 34 = -2*h. Let o(j) = -j**3 + 8*j**2 + 3*j - 67. What is the remainder when o(6) is divided by p?
11
Suppose -336 = -4*z - 4*l, -2*l - 2*l - 198 = -2*z. What is the remainder when z is divided by (-10)/2*(-5 - 1)?
29
Suppose 0 = -5*m + 21 + 14. Let n(b) be the first derivative of b**3/3 - b - 1. Calculate the remainder when m is divided by n(-2).
1
Suppose 0 = 5*k + 2*b + 728, -4*k - 436 = -k + b. Let y = -78 - k. What is the remainder when y is divided by 23?
20
Suppose 23*h - 26*h = -12. Suppose v = 3*m + 2*v - 41, h*m - 60 = -4*v. What is the remainder when 24 is divided by m?
11
Suppose 0*b + 3*b = -4*o + 99, -5*o + 120 = 3*b. Calculate the remainder when 23 is divided by o.
2
Suppose -2*w - 49 = -7*w + 3*f, 0 = -w - 2*f + 2. What is the remainder when 53 is divided by w/(32/60) + -1?
11
What is the remainder when 43 is divided by ((-7)/(-3) - -2)/(16/48)?
4
Let y(g) = 8*g**2 + 29*g - 84. What is the remainder when y(-6) is divided by (-66)/(-8) - 1/4?
6
Suppose -17 = -d + 2*c, 2*d + 65 = 6*d - 5*c. Calculate the remainder when d is divided by 8.
7
Let l(q) = 34*q - 1. Suppose -d = 17*d - 21*d + 288. What is the remainder when d is divided by l(1)?
30
Let v(q) = q**2 - 46*q - 2 + 44*q + 0*q**2. Calculate the remainder when 128 is divided by v(-3).
11
Suppose -4*y + 3*q = -53, -4*y = -6*q + 10*q - 60. Calculate the remainder when 29 is divided by y.
1
Let k(p) = 10*p - 7. Let w be k(-7). Let n = w + 708. Suppose n - 116 = 5*b. What is the remainder when b is divided by 35?
33
Let p = -1409 + 2192. What is the remainder when p is divided by 49?
48
Let y(s) be the first derivative of s**2 - 9*s + 84. Suppose -8 = -g - 0*g. What is the remainder when 13 is divided by y(g)?
6
Suppose -a - 4*a + 10 = 0. Let n(c) = -4*c - 9*c - 2 + 13*c - a*c. Calculate the remainder when n(-9) is divided by 10.
6
Let f(t) = 43*t - 3. What is the remainder when f(2) is divided by -1 + (-280)/(-8) - 5?
25
Let n = 600 + 479. What is the remainder when n is divided by 108?
107
What is the remainder when 809 is divided by (24 - -1) + 372/93?
26
Suppose 0 = -5*d + 18*d - 117. What is the remainder when 27 is divided by d?
0
Let q = 65 - 8. Let c(g) = 3*g**2 - 16*g + 5. Let b be c(7). Suppose 0 = -o + 2*x + b, x - 145 = -3*o - 2*o. Calculate the remainder when q is divided by o.
27
Let d = 1770 + -1753. Calculate the remainder when 370 is divided by d.
13
Suppose j - 77 = -2*t, -5 = -3*j + 10. Calculate the remainder when 1331 is divided by t.
35
Let w be 63/9 - (2 + 0). Suppose -3*u - 2*c + 34 - 7 = 0, 0 = -5*u + w*c + 70. What is the remainder when 173 is divided by u?
8
Let s = 138 - 24. What is the remainder when ((-2)/3)/((-1)/s) is divided by 22 + 4/((-4)/(-4))?
24
Let q(c) = 3*c**2 - 21*c + 38. Calculate the remainder when 246 is divided by q(8).
60
Suppose 0 = -3*y + 2*y - 3. Suppose -2*o = -2*k - 30, 3*o - 13 = -k - 4*k. What is the remainder when (-97)/y + 3/(-9) is divided by o?
10
Let v(z) = -13*z - 1. What is the remainder when v(-6) is divided by 9 + (60/5 - 8)?
12
Suppose 0 = 27*y - 989 - 91. Calculate the remainder when y is divided by 21.
19
Suppose -2*d = d + 12. Let c = d + 11. Suppose 2*m - 10*j - 37 = -11*j, 3*m = -4*j + 68. Calculate the remainder when m is divided by c.
2
Suppose 5*d = 43 + 312. Calculate the remainder when 281 is divided by d.
68
Let j(i) = 3*i**2 + 2*i - 26. What is the remainder when j(-9) is divided by 64?
7
Let o(u) = 2*u**2 - 15*u - 46. Calculate the remainder when 14 is divided by o(10).
2
Let b(o) be the third derivative of -o**5/60 + o**4/24 + 11*o**3/6 + 30*o**2. Calculate the remainder when 29 is divided by b(0).
7
Suppose -x = s - 17, -2*x + 26 = -0*x - 2*s. What is the remainder when 47 is divided by -2 + 3 + x + 0?
15
Let l be 4/24*4*(0 - -12). Let j = l - -50. Let m(y) = 4*y + 4. What is the remainder when j is divided by m(4)?
18
Let i be (3/3)/(3/6). Suppose f + i*f - 12 = 0. Suppose 68 = 3*k - 5*c - 1, 0 = f*k + 4*c - 60. What is the remainder when k is divided by 7?
4
Let n(d) be the second derivative of d**3/6 + 3*d**2 - 12*d. Calculate the remainder when n(3) is divided by 3.
0
Let x(d) = -d**3 - 4*d**2 - 8*d - 31. Suppose -5*k - 31 + 6 = 0. What is the remainder when x(k) is divided by 9?
7
Let u = 1182 + -1162. Suppose m - 4*o - 23 = 0, -m = -0*m - 5*o - 19. Calculate the remainder when m is divided by u.
19
Suppose 0 = -4*t - 5*r + 96, 4*t - 2*r + r - 72 = 0. Suppose 6*f = 2*f + v + 38, 0 = -f + 5*v. What is the remainder when t is divided by f?
9
Let j(g) = -4*g + 14. What is the remainder when 36 is divided by j(-3)?
10
Suppose 0 = -6*q + 3*q + 54. Suppose -5*k - 3*o + 52 = 0, -3*k + 45 = -3*o + 9. Calculate the remainder when q is divided by k.
7
Let q = 519 - 328. Calculate the remainder when q is divided by 12.
11
Suppose 0 = -5*k - r + 2535, -4*k + 2*r + 2216 = 174. What is the remainder when k is divided by 30?
28
Let f = 4 - 0. Suppose 579 = 3*l - 3*u, 2*l + f*u - 392 = 3*u. What is the remainder when l is 